{"id":2923,"date":"2021-07-09T14:37:17","date_gmt":"2021-07-09T11:37:17","guid":{"rendered":"https:\/\/bulut.app\/?post_type=product&#038;p=2923"},"modified":"2021-07-09T14:56:17","modified_gmt":"2021-07-09T11:56:17","slug":"lacitek-cari-hesap-odemeleri","status":"publish","type":"product","link":"https:\/\/bulut.app\/index.php\/product\/lacitek-cari-hesap-odemeleri\/","title":{"rendered":"LaciTek Cari \u00d6demeleri"},"content":{"rendered":"<p>LaciTek Bili\u015fim A.\u015e nezdinde bulunan cari hesab\u0131n\u0131za \u00f6deme yapmak i\u00e7in bu sayfadan \u00fcr\u00fcn miktar\u0131n\u0131 yapaca\u011f\u0131n\u0131z \u00f6deme tutar\u0131 kadar se\u00e7erek sepete ekleyebilirsiniz. \u00d6rne\u011fin 1.000 TL \u00f6deme yapmak i\u00e7in miktar alan\u0131na 1000, 7.685 lira \u00f6deme yapmak i\u00e7in miktar alan\u0131na 7685 yazabilirsiniz.<\/p>\n<p>E\u011fer \u00f6deme yapt\u0131\u011f\u0131n\u0131z kredi kart\u0131 \u00fczerinde yazan isim LaciTek nezdindeki cari hesap ad\u0131yla uyu\u015fmuyorsa \u00f6deme sayfas\u0131nda Firma ad\u0131 alan\u0131na <span class=\"optional\">cari hesap ad\u0131n\u0131 mutlaka yazman\u0131z\u0131 rica ederiz. <strong>Sipari\u015finizle ilgili notlar (iste\u011fe ba\u011fl\u0131)\u00a0 <\/strong>alan\u0131nda fatura numaras\u0131 ve dekontunuzda yer almas\u0131n\u0131 istedi\u011finiz hususlar\u0131 iletebilirsiniz.<br \/>\n<\/span><\/p>\n","protected":false},"excerpt":{"rendered":"<p>Miktar alan\u0131na yapmak istedi\u011finiz \u00f6deme tutar\u0131n\u0131 yazarak sepete ekle butonuna t\u0131klay\u0131n\u0131z<\/p>\n","protected":false},"featured_media":2925,"template":"","meta":[],"product_cat":[40],"product_tag":[],"_links":{"self":[{"href":"https:\/\/bulut.app\/index.php\/wp-json\/wp\/v2\/product\/2923"}],"collection":[{"href":"https:\/\/bulut.app\/index.php\/wp-json\/wp\/v2\/product"}],"about":[{"href":"https:\/\/bulut.app\/index.php\/wp-json\/wp\/v2\/types\/product"}],"wp:featuredmedia":[{"embeddable":true,"href":"https:\/\/bulut.app\/index.php\/wp-json\/wp\/v2\/media\/2925"}],"wp:attachment":[{"href":"https:\/\/bulut.app\/index.php\/wp-json\/wp\/v2\/media?parent=2923"}],"wp:term":[{"taxonomy":"product_cat","embeddable":true,"href":"https:\/\/bulut.app\/index.php\/wp-json\/wp\/v2\/product_cat?post=2923"},{"taxonomy":"product_tag","embeddable":true,"href":"https:\/\/bulut.app\/index.php\/wp-json\/wp\/v2\/product_tag?post=2923"}],"curies":[{"name":"wp","href":"https:\/\/api.w.org\/{rel}","templated":true}]}}